{"id":2,"date":"2015-09-16T04:24:25","date_gmt":"2015-09-16T04:24:25","guid":{"rendered":"http:\/\/wp431m.a10-52-158-154.qa.plesk.ru\/wordpress\/?page_id=2"},"modified":"2025-11-10T15:51:54","modified_gmt":"2025-11-10T15:51:54","slug":"sample-page","status":"publish","type":"page","link":"https:\/\/freimaurer-heide.de\/","title":{"rendered":"Freimaurer in Heide"},"content":{"rendered":"<table border=\"0\" width=\"100%\" cellspacing=\"0\" cellpadding=\"0\">\n<tbody>\n<tr>\n<td class=\"newstitle\" width=\"91%\"><strong>Herzlich Willkommen auf den Internetseiten der Johannisloge<br \/>\u201eGeorg zur Dithmarscher Treue\u201c in Heide.<\/strong><\/td>\n<\/tr>\n<\/tbody>\n<\/table>\n<p align=\"left\">Gegr\u00fcndet im Jahr 1930 sind wir mit heute rund 30 Br\u00fcdern nicht die \u00e4lteste Freimaurerloge in Dithmarschen, aber im Durchschnittsalter eine der J\u00fcngsten, sogar in ganz Schleswig-Holstein.<br \/>Regelm\u00e4\u00dfig treffen wir uns in unserem Logenhaus in der Heider Feldstra\u00dfe zur maurerischen Arbeit am \u201erauen Stein\u201c, wie wir Freimaurer es nennen.<\/p>\n<p>Dem interessierten Gast und anderen Br\u00fcdern Freimaurern m\u00f6chten wir hier einen \u00dcberblick zur Freimaurerei und nat\u00fcrlich im Besonderen zu unserer Heider Johannisloge geben.<\/p>\n<p>Wir hoffen, Ihren Fragen und Ihrem geneigten Interesse m\u00f6glichst weit entgegen zu kommen.<\/p>\n<p>Z\u00f6gern Sie jedoch nicht, jederzeit auch pers\u00f6nlich mit uns in Verbindung zu treten.<\/p>\n<p>Gern laden wir Sie bei Interesse zu unseren G\u00e4steabenden ein.<\/p>\n\n\n<p>Der Fernsehsender prosieben hat im Rahmen einer Galileo Serie den Landesgro\u00dfredner unseres Ordens gebeten, diverse Fragen zur Freimaurerei zu beantworten. Ein interessanter Einblick in die Freimaurerei und viele Antworten auf Fragen zur Freimaurerei sehen Sie hier:<\/p>\n\n\n\n<figure class=\"wp-block-image size-full is-resized\"><a href=\"https:\/\/www.prosieben.de\/serien\/galileo\/videos\/faq-ein-freimaurer-beantwortet-haeufig-gestellte-fragen-aus-dem-internet-v_4dcpe5aygsxm\" target=\"_blank\" rel=\"noreferrer noopener\"><img loading=\"lazy\" decoding=\"async\" width=\"512\" height=\"512\" src=\"http:\/\/freimaurer-heide.de\/wp-content\/uploads\/2015\/10\/cropped-Logo_FM-Heide_blau_rot-2.jpg\" alt=\"\" class=\"wp-image-25\" style=\"width:165px;height:auto\" srcset=\"https:\/\/freimaurer-heide.de\/wp-content\/uploads\/2015\/10\/cropped-Logo_FM-Heide_blau_rot-2.jpg 512w, https:\/\/freimaurer-heide.de\/wp-content\/uploads\/2015\/10\/cropped-Logo_FM-Heide_blau_rot-2-150x150.jpg 150w, https:\/\/freimaurer-heide.de\/wp-content\/uploads\/2015\/10\/cropped-Logo_FM-Heide_blau_rot-2-300x300.jpg 300w, https:\/\/freimaurer-heide.de\/wp-content\/uploads\/2015\/10\/cropped-Logo_FM-Heide_blau_rot-2-270x270.jpg 270w, https:\/\/freimaurer-heide.de\/wp-content\/uploads\/2015\/10\/cropped-Logo_FM-Heide_blau_rot-2-192x192.jpg 192w, https:\/\/freimaurer-heide.de\/wp-content\/uploads\/2015\/10\/cropped-Logo_FM-Heide_blau_rot-2-180x180.jpg 180w, https:\/\/freimaurer-heide.de\/wp-content\/uploads\/2015\/10\/cropped-Logo_FM-Heide_blau_rot-2-32x32.jpg 32w\" sizes=\"auto, (max-width: 512px) 100vw, 512px\" \/><\/a><\/figure>\n\n\n\n<p><\/p>\n\n\n\n<p><\/p>\n\n\n\n<p>Kurzinformationen zur Loge:<br>Georg zur Dithmarscher Treue, Heide<br>Matr.-Nr. VGL\/GL 793\/229<br>Gr\u00fcndungsdatum: 02.11.1930<br>Gro\u00dfloge: GLLdFvD <\/p>\n","protected":false},"excerpt":{"rendered":"<p>Herzlich Willkommen auf den Internetseiten der Johannisloge\u201eGeorg zur Dithmarscher Treue\u201c in Heide. Gegr\u00fcndet im Jahr 1930 sind wir mit heute rund 30 Br\u00fcdern nicht die \u00e4lteste Freimaurerloge in Dithmarschen, aber im Durchschnittsalter eine der J\u00fcngsten, sogar in ganz Schleswig-Holstein.Regelm\u00e4\u00dfig treffen<\/p>\n","protected":false},"author":1,"featured_media":87,"parent":0,"menu_order":0,"comment_status":"closed","ping_status":"open","template":"","meta":{"footnotes":""},"class_list":["post-2","page","type-page","status-publish","has-post-thumbnail","hentry"],"_links":{"self":[{"href":"https:\/\/freimaurer-heide.de\/index.php?rest_route=\/wp\/v2\/pages\/2","targetHints":{"allow":["GET"]}}],"collection":[{"href":"https:\/\/freimaurer-heide.de\/index.php?rest_route=\/wp\/v2\/pages"}],"about":[{"href":"https:\/\/freimaurer-heide.de\/index.php?rest_route=\/wp\/v2\/types\/page"}],"author":[{"embeddable":true,"href":"https:\/\/freimaurer-heide.de\/index.php?rest_route=\/wp\/v2\/users\/1"}],"replies":[{"embeddable":true,"href":"https:\/\/freimaurer-heide.de\/index.php?rest_route=%2Fwp%2Fv2%2Fcomments&post=2"}],"version-history":[{"count":40,"href":"https:\/\/freimaurer-heide.de\/index.php?rest_route=\/wp\/v2\/pages\/2\/revisions"}],"predecessor-version":[{"id":413,"href":"https:\/\/freimaurer-heide.de\/index.php?rest_route=\/wp\/v2\/pages\/2\/revisions\/413"}],"wp:featuredmedia":[{"embeddable":true,"href":"https:\/\/freimaurer-heide.de\/index.php?rest_route=\/wp\/v2\/media\/87"}],"wp:attachment":[{"href":"https:\/\/freimaurer-heide.de\/index.php?rest_route=%2Fwp%2Fv2%2Fmedia&parent=2"}],"curies":[{"name":"wp","href":"https:\/\/api.w.org\/{rel}","templated":true}]}}